{"id":3717,"date":"2012-10-08T13:21:04","date_gmt":"2012-10-08T13:21:04","guid":{"rendered":"http:\/\/www.pracamedycyna.pl\/?page_id=3717"},"modified":"2014-10-15T14:09:29","modified_gmt":"2014-10-15T14:09:29","slug":"szkolenia-medyczne-dodaj-ogloszenie","status":"publish","type":"page","link":"http:\/\/praca-medycyna.pl\/?page_id=3717","title":{"rendered":"DODAJ OG\u0141OSZENIE"},"content":{"rendered":"<p>Promocja: do 31.12.2014<br \/>\n<strong>CENNIK promocyjny og\u0142osze\u0144 z ofertami kurs\u00f3w i szkole\u0144 w bran\u017cy medycznej i s\u0142u\u017cbie zdrowia:<\/strong><\/p>\n<p><strong>Jedno og\u0142oszenie standard:<\/strong><br \/>\n&#8211; 40 z\u0142 &#8211; og\u0142oszenie na 45 dni<br \/>\n&#8211; 50 z\u0142 &#8211; og\u0142oszenie na 60 dni<\/p>\n<p><strong>Dwa og\u0142oszenia standard<\/strong><br \/>\n&#8211; 60 z\u0142 &#8211; og\u0142oszenie na 45 dni<br \/>\n&#8211; 70 z\u0142 &#8211; og\u0142oszenie na 60 dni<\/p>\n<p>Podane ceny netto.<\/p>\n<p>W celu dodania og\u0142oszenia prosimy o kontakt na adres: ogloszenia [@] pracamedycyna.pl lub wype\u0142nienie poni\u017cszego formularza.<\/p>\n<p class=\"wpcf7-contact-form-not-found\"><strong>Error:<\/strong> Contact form not found.<\/p>\n","protected":false},"excerpt":{"rendered":"<p>Promocja: do 31.12.2014 CENNIK promocyjny og\u0142osze\u0144 z ofertami kurs\u00f3w i szkole\u0144 w bran\u017cy medycznej i s\u0142u\u017cbie zdrowia: Jedno og\u0142oszenie standard: &#8211; 40 z\u0142 &#8211; og\u0142oszenie na 45 dni &#8211; 50 z\u0142 &#8211; og\u0142oszenie na 60 dni Dwa og\u0142oszenia standard &#8211; 60 z\u0142 &#8211; og\u0142oszenie na 45 dni &#8211; 70 z\u0142 &#8211; og\u0142oszenie na 60 dni&hellip; <br \/> <a class=\"read-more\" href=\"http:\/\/praca-medycyna.pl\/?page_id=3717\">Read more<\/a><\/p>\n","protected":false},"author":2,"featured_media":0,"parent":1408,"menu_order":0,"comment_status":"closed","ping_status":"closed","template":"","meta":{"footnotes":""},"class_list":["post-3717","page","type-page","status-publish","hentry"],"_links":{"self":[{"href":"http:\/\/praca-medycyna.pl\/index.php?rest_route=\/wp\/v2\/pages\/3717","targetHints":{"allow":["GET"]}}],"collection":[{"href":"http:\/\/praca-medycyna.pl\/index.php?rest_route=\/wp\/v2\/pages"}],"about":[{"href":"http:\/\/praca-medycyna.pl\/index.php?rest_route=\/wp\/v2\/types\/page"}],"author":[{"embeddable":true,"href":"http:\/\/praca-medycyna.pl\/index.php?rest_route=\/wp\/v2\/users\/2"}],"replies":[{"embeddable":true,"href":"http:\/\/praca-medycyna.pl\/index.php?rest_route=%2Fwp%2Fv2%2Fcomments&post=3717"}],"version-history":[{"count":12,"href":"http:\/\/praca-medycyna.pl\/index.php?rest_route=\/wp\/v2\/pages\/3717\/revisions"}],"predecessor-version":[{"id":8281,"href":"http:\/\/praca-medycyna.pl\/index.php?rest_route=\/wp\/v2\/pages\/3717\/revisions\/8281"}],"up":[{"embeddable":true,"href":"http:\/\/praca-medycyna.pl\/index.php?rest_route=\/wp\/v2\/pages\/1408"}],"wp:attachment":[{"href":"http:\/\/praca-medycyna.pl\/index.php?rest_route=%2Fwp%2Fv2%2Fmedia&parent=3717"}],"curies":[{"name":"wp","href":"https:\/\/api.w.org\/{rel}","templated":true}]}}