{"id":3746,"date":"2012-10-15T08:22:39","date_gmt":"2012-10-15T08:22:39","guid":{"rendered":"http:\/\/www.pracamedycyna.pl\/?page_id=3746"},"modified":"2018-02-04T17:34:44","modified_gmt":"2018-02-04T17:34:44","slug":"oferty-pracy-dla-lekarzy","status":"publish","type":"page","link":"http:\/\/praca-medycyna.pl\/?page_id=3746","title":{"rendered":"Oferty pracy dla lekarzy &#8211; Sposoby poszukiwania pracy przez pracownik\u00f3w s\u0142u\u017cby zdrowia"},"content":{"rendered":"<p><strong><span style=\"text-decoration: underline;\">Oferty pracy dla lekarzy <\/span><\/strong><\/p>\n<p><strong><span style=\"text-decoration: underline;\">&#8211; Sposoby poszukiwania pracy przez pracownik\u00f3w s\u0142u\u017cby zdrowia <\/span><\/strong><\/p>\n<p>Zanim w og\u00f3le rozpoczn\u0105 pracowa\u0107, musz\u0105 przej\u015b\u0107 bardzo d\u0142ug\u0105 i \u017cmudn\u0105 drog\u0119. Lata studi\u00f3w, bardzo ci\u0119\u017ckie egzaminy, niejednokrotne rezygnowanie z \u017cycia prywatnego. Ale przecie\u017c praca w bran\u017cy medycznej, bo o niej mowa, to co\u015b wi\u0119cej ni\u017c praca. Szczeg\u00f3lnie, je\u017celi chodzi o lekarzy. Ich zaw\u00f3d niejednokrotnie traktowany jest jak misja. Wiele m\u0142odych os\u00f3b, kt\u00f3re rozpoczynaj\u0105 studia medyczne, zdaj\u0105 sobie z tego spraw\u0119. Godz\u0105 si\u0119 na ci\u0119\u017ck\u0105 prac\u0119, a potem niskie zarobki (w Polsce m\u0142ody lekarz zarabia 1900 z\u0142 na r\u0119k\u0119, a gdy jest specjalist\u0105 pierwszego stopnia na etacie to oko\u0142o 3,4 tys.). Nie oznacza to jednak, \u017ce ch\u0119tnych na nauk\u0119 na studiach medycznych brakuje. Wr\u0119cz przeciwnie. Jest ich naprawd\u0119 sporo. Ci kt\u00f3rzy si\u0119 dostan\u0105 musz\u0105 przebrn\u0105\u0107 przez sze\u015b\u0107 lat bardzo ci\u0119\u017ckich studi\u00f3w medycznych. Zdobywaj\u0105 w\u00f3wczas og\u00f3ln\u0105 wiedz\u0119 z zakresu medycyny. To dopiero tak naprawd\u0119 pocz\u0105tek. Gdy po uko\u0144czeniu tych studi\u00f3w student dope\u0142ni kilak formalno\u015bci, zdobywa prawo do wykonywania zawodu (jednak tylko na razie ograniczone). Nast\u0119pnie odbywa przez trzy miesi\u0105ce sta\u017c. W tym czasie zdaje Lekarski Egzamin Pa\u0144stwowy, kt\u00f3ry jest trudny. Je\u017celi go zda, zdobywa pe\u0142ne prawo do wykonywania zawodu. I wtedy rozpoczyna nauk\u0119 w jednej z czterdziestu specjalno\u015bci podstawowych. Nie mo\u017cemy jednak zapomina\u0107, \u017ce limity miejsc s\u0105 bardzo ograniczone. Dalsz\u0105 nauk\u0119 rozpoczynaj\u0105 tylko najlepsi. Dostanie si\u0119 na specjalizacj\u0119, czy nawet jej uko\u0144czenie, nadal nie rozwi\u0105zuje \u201eproblem\u00f3w\u201d zwi\u0105zanych z niestabilno\u015bci\u0105 zawodow\u0105 (czy jednak w dzisiejszych czasach mo\u017cemy w og\u00f3le o stabilno\u015bci zawodowej m\u00f3wi\u0107?) Niekt\u00f3rym lekarzom udaje si\u0119 od razu zdoby\u0107 prac\u0119, w miar\u0119 stabiln\u0105, pewn\u0105 i dobrze p\u0142atn\u0105. Sporo m\u0142odych doktor\u00f3w zostaje bowiem w miejscu, w kt\u00f3rym odbywa\u0142o sta\u017c. Nie wszyscy jednak maj\u0105 to szcz\u0119\u015bcie. W takim razie jak m\u0142odzi lekarze szukaj\u0105 pracy? To wcale nie takie proste.<\/p>\n<h4>Oferty pracy dla lekarzy nie s\u0105 wcale liczne.<\/h4>\n<p>Mo\u017cna sprawdza\u0107 og\u0142oszenia o prac\u0119 dla lekarzy na portalach internetowych. Sporo stron www zawiera tego rodzaju oferty. Ka\u017cdy m\u0142ody lekarz powinien si\u0119 na tego rodzaju portalach zarejestrowa\u0107 i \u015bledzi\u0107 na bie\u017c\u0105co pojawiaj\u0105ce si\u0119 oferty. Tak\u017ce lekarze bardziej do\u015bwiadczeni. Oferty w stylu \u201epraca internista\u201d, \u201epraca kardiolog\u201d czy zagraniczne \u201epraca lekarz Szwecja\u201d, \u201epraca lekarz Francja\u201d, \u201epraca lekarz Norwegia\u201d itd. pojawiaj\u0105 si\u0119 cz\u0119sto. Trzeba tylko umie\u0107 szuka\u0107 i na pewno trzeba \u015bledzi\u0107 je na bie\u017c\u0105co. To samo dotyczy innych pracownik\u00f3w bran\u017cy medycznej. Ratownicy medyczni, radiolodzy, technicy, farmaceuci mog\u0105 poszukiwa\u0107 pracy standardowymi metodami \u2013 tak jak robi\u0105 to osoby spoza bran\u017cy medycznej. Nie ukrywajmy jednak, \u017ce i w tym przypadku przyda si\u0119 popyta\u0107 znajomych, kt\u00f3rzy w zawodzie pracuj\u0105. To oni mog\u0105 nas jako pierwsi poinformowa\u0107 o zwalniaj\u0105cym si\u0119 stanowisku w danym miejscu pracy, z kt\u00f3rego dana osoba b\u0119dzie mog\u0142a szybko skorzysta\u0107. Sposoby poszukiwania pracy przez pracownik\u00f3w s\u0142u\u017cby zdrowia nie r\u00f3\u017cni\u0105 si\u0119 znacznie od sposob\u00f3w poszukiwania pracy w innych bran\u017cach \u2013 na pewno trzeba sobie zdawa\u0107 z tego spraw\u0119.<\/p>\n<p><a href=\"http:\/\/www.pracalekarz.pl\">#praca lekarz<\/a>\u00a0oferty pracy dla lekarzy<\/p>\n<p><a href=\"http:\/\/www.pracamedycyna.pl\/wp-content\/uploads\/2017\/09\/praca-dla-po\u0142o\u017cnych.jpg\"><img loading=\"lazy\" decoding=\"async\" class=\"alignleft wp-image-9442\" src=\"http:\/\/www.pracamedycyna.pl\/wp-content\/uploads\/2017\/09\/praca-dla-po\u0142o\u017cnych.jpg\" alt=\"oferty pracy dla lekarzy\" width=\"159\" height=\"239\" \/><\/a><\/p>\n","protected":false},"excerpt":{"rendered":"<p>Oferty pracy dla lekarzy &#8211; Sposoby poszukiwania pracy przez pracownik\u00f3w s\u0142u\u017cby zdrowia Zanim w og\u00f3le rozpoczn\u0105 pracowa\u0107, musz\u0105 przej\u015b\u0107 bardzo d\u0142ug\u0105 i \u017cmudn\u0105 drog\u0119. Lata studi\u00f3w, bardzo ci\u0119\u017ckie egzaminy, niejednokrotne rezygnowanie z \u017cycia prywatnego. Ale przecie\u017c praca w bran\u017cy medycznej, bo o niej mowa, to co\u015b wi\u0119cej ni\u017c praca. Szczeg\u00f3lnie, je\u017celi chodzi o lekarzy. Ich&hellip; <br \/> <a class=\"read-more\" href=\"http:\/\/praca-medycyna.pl\/?page_id=3746\">Read more<\/a><\/p>\n","protected":false},"author":2,"featured_media":0,"parent":57,"menu_order":0,"comment_status":"closed","ping_status":"closed","template":"","meta":{"footnotes":""},"class_list":["post-3746","page","type-page","status-publish","hentry"],"_links":{"self":[{"href":"http:\/\/praca-medycyna.pl\/index.php?rest_route=\/wp\/v2\/pages\/3746","targetHints":{"allow":["GET"]}}],"collection":[{"href":"http:\/\/praca-medycyna.pl\/index.php?rest_route=\/wp\/v2\/pages"}],"about":[{"href":"http:\/\/praca-medycyna.pl\/index.php?rest_route=\/wp\/v2\/types\/page"}],"author":[{"embeddable":true,"href":"http:\/\/praca-medycyna.pl\/index.php?rest_route=\/wp\/v2\/users\/2"}],"replies":[{"embeddable":true,"href":"http:\/\/praca-medycyna.pl\/index.php?rest_route=%2Fwp%2Fv2%2Fcomments&post=3746"}],"version-history":[{"count":5,"href":"http:\/\/praca-medycyna.pl\/index.php?rest_route=\/wp\/v2\/pages\/3746\/revisions"}],"predecessor-version":[{"id":9535,"href":"http:\/\/praca-medycyna.pl\/index.php?rest_route=\/wp\/v2\/pages\/3746\/revisions\/9535"}],"up":[{"embeddable":true,"href":"http:\/\/praca-medycyna.pl\/index.php?rest_route=\/wp\/v2\/pages\/57"}],"wp:attachment":[{"href":"http:\/\/praca-medycyna.pl\/index.php?rest_route=%2Fwp%2Fv2%2Fmedia&parent=3746"}],"curies":[{"name":"wp","href":"https:\/\/api.w.org\/{rel}","templated":true}]}}