{"id":3754,"date":"2012-10-15T08:42:37","date_gmt":"2012-10-15T08:42:37","guid":{"rendered":"http:\/\/www.pracamedycyna.pl\/?page_id=3754"},"modified":"2012-10-15T08:42:37","modified_gmt":"2012-10-15T08:42:37","slug":"rzeczywistosc-polskich-pielegniarek","status":"publish","type":"page","link":"http:\/\/praca-medycyna.pl\/?page_id=3754","title":{"rendered":"Rzeczywisto\u015b\u0107 polskich piel\u0119gniarek"},"content":{"rendered":"<p><strong><span style=\"text-decoration: underline;\">Rzeczywisto\u015b\u0107 polskich piel\u0119gniarek<\/span><\/strong><\/p>\n<p>Wykwalifikowane, do\u015bwiadczone, z pasj\u0105 i zaanga\u017cowaniem \u2013 tak kr\u00f3tko i tre\u015bciwie mo\u017cna opisa\u0107 polskie piel\u0119gniarki. Oczywi\u015bcie, nie wszystkie, ale to oczywiste \u017ce w przypadku ka\u017cdej bran\u017cy znajdziemy osoby, kt\u00f3re nie s\u0105 dobre w tym, co robi\u0105. Niemniej jednak zaw\u00f3d piel\u0119gniarki jest godny podziwu. Niestety, wci\u0105\u017c s\u0105 niedoceniane. Stereotyp m\u00f3wi\u0105cy o tym, \u017ce traktowane s\u0105 jak \u201egorsi\u201d pracownicy (w por\u00f3wnaniu do lekarzy) z ca\u0142\u0105 pewno\u015bci\u0105 nie wzi\u0105\u0142 si\u0119 znik\u0105d. Nie mo\u017cna zapomina\u0107 jednak przede wszystkim o ich warunkach pracy. W Polsce wyposa\u017cenie szpitali, sal, dy\u017curek piel\u0119ganiarek itd. wci\u0105\u017c pozostawia wiele do \u017cyczenia. Warunki pracy to jedno, a zarobki? Wci\u0105\u017c bardzo niskie&#8230; Zupe\u0142nie nieadekwatne to trudu, kt\u00f3re piel\u0119ganiarki wk\u0142adaj\u0105 w swoj\u0105 prac\u0119. Nic dziwnego, \u017ce chc\u0105 wreszcie poczu\u0107 si\u0119 docenione. Jak maj\u0105 to zrobi\u0107? W Polsce nie ma co liczy\u0107 na rych\u0142e zmiany. Dlatego wiele polskich piel\u0119gniarek uczy si\u0119 j\u0119zyk\u00f3w obcych. A wszystko po to, by po pewnym czasie spr\u00f3bowa\u0107 swoich si\u0142 w pracy za granic\u0105. Wiele m\u0142odych dziewcz\u0105t studiuje piel\u0119gniarstwo z my\u015bl\u0105 o zagranicznym wyje\u017adzie. Nie wspominaj\u0105c ju\u017c o tych, kt\u00f3re udaj\u0105 si\u0119 na zagraniczne studia, by tam potem zosta\u0107, pracowa\u0107 i \u017cyc w niepolskiej rzeczywisto\u015bci.<\/p>\n<p>Praca polskich piel\u0119gniarek za granic\u0105 jest bardzo doceniana. Bierze si\u0119 pod uwag\u0119 to, o czym pisali\u015bmy wcze\u015bniej \u2013 ich wysokie kwalifikacje, wiedz\u0119, do\u015bwiadczenie i przede wszystkim \u2013 oddanie i zaanga\u017cowanie wobec pacjent\u00f3w.\u00a0<\/p>\n<p>Sporo polskich piel\u0119gniarek ju\u017c wyjecha\u0142o. Najwi\u0119cej wyjazd\u00f3w mia\u0142o miejsce par\u0119 lat temu. Oko\u0142o czterech lat temu boom wyjazd\u00f3w na moment usta\u0142. Wynagrodzenie w bran\u017cy medycznej zwi\u0119kszy\u0142o si\u0119, a to pomog\u0142o zatrzyma\u0107 nie tylko piel\u0119gniarki, ale wielu polskich lekarzy w Polsce. Wyjazdy, przede wszystkim do Irlandii i Wielkiej Brytanii usta\u0142y. Ale nie ca\u0142kowicie. Wiele polskich si\u00f3str regularnie przegl\u0105da internetowe oferty, takie jak \u201epraca piel\u0119gniarka za granic\u0105\u201d, \u201ezagraniczne oferty pracy dla piel\u0119gniarek\u201d, \u201epiel\u0119gniarka praca Niemcy\u201d itd. To w\u0142a\u015bnie szczeg\u00f3lnie Niemcy s\u0105 otwarte na polskie siostry. Ale ch\u0119tnych nie jest wiele. Barier\u0105 jest przede wszystkim j\u0119zyk niemiecki. Na pewno znacznie wi\u0119ksz\u0105 ni\u017c w przypadku pracy w Anglii czy w Irlandii. Polacy wci\u0105\u017c nie przywi\u0105zuj\u0105 wielkiej wagi do nauki j\u0119zyka niemieckiego. Zreszt\u0105, wed\u0142ug informacji podanych przez Wojew\u00f3dzkie Urz\u0119dy Pracy, w przypadku piel\u0119gniarek j\u0119zyki obce to spory problem. Z drugiej strony nieznajomo\u015b\u0107 j\u0119zyka nie jest wielkim problemem. Szczeg\u00f3lnie w przypadku wyjazd\u00f3w do Niemiec. Polskim piel\u0119gniarkom wystarczy znajomo\u015b\u0107 j\u0119zyka niemieckiego w stopniu podstawowym. Ju\u017c na miejscu, pracuj\u0105c, mo\u017cna szybciej przyswoi\u0107 niemiecki. Pracodawcy, tak bardzo ch\u0119tniu na przyjmowanie polskich si\u00f3str, oferuj\u0105 szereg szkole\u0144, zupe\u0142nie za darmo. Warto si\u0119 nad tym zastanowi\u0107. Oferowane warunki pracy s\u0105 naprawd\u0119 bardzo dobre. Jeszcze niedawno najni\u017csza oferowana tam pensja wynosi\u0142a oko\u0142o dw\u00f3ch tysi\u0119cy Euro. Ale to nie wszystko. Oferowano tak\u017ce zakwaterowanie, je\u015bli nie sta\u0142e, to na pocz\u0105tek pracy.<\/p>\n<p>Jeste\u015b piel\u0119gniark\u0105 i chcia\u0142aby\u015b wykorzysta\u0107 swoje do\u015bwiadczenie, wiedz\u0119 i pasj\u0119 w pracy za granic\u0105? Nic trudnego. Sprawd\u017a internetowe oferty, popytaj znajome piel\u0119gniarki (g\u0142\u00f3wnie te przebywaj\u0105ce poza granicami polski) i zdob\u0105d\u017a za\u015bwiadczenie z Izby Lekarskiej, stanowi\u0105ce potwierdzenie posiadania kwalifikacji zawodowych.<\/p>\n<p>&nbsp;<\/p>\n","protected":false},"excerpt":{"rendered":"<p>Rzeczywisto\u015b\u0107 polskich piel\u0119gniarek Wykwalifikowane, do\u015bwiadczone, z pasj\u0105 i zaanga\u017cowaniem \u2013 tak kr\u00f3tko i tre\u015bciwie mo\u017cna opisa\u0107 polskie piel\u0119gniarki. Oczywi\u015bcie, nie wszystkie, ale to oczywiste \u017ce w przypadku ka\u017cdej bran\u017cy znajdziemy osoby, kt\u00f3re nie s\u0105 dobre w tym, co robi\u0105. Niemniej jednak zaw\u00f3d piel\u0119gniarki jest godny podziwu. Niestety, wci\u0105\u017c s\u0105 niedoceniane. Stereotyp m\u00f3wi\u0105cy o tym, \u017ce&hellip; <br \/> <a class=\"read-more\" href=\"http:\/\/praca-medycyna.pl\/?page_id=3754\">Read more<\/a><\/p>\n","protected":false},"author":2,"featured_media":0,"parent":57,"menu_order":0,"comment_status":"closed","ping_status":"closed","template":"","meta":{"footnotes":""},"class_list":["post-3754","page","type-page","status-publish","hentry"],"_links":{"self":[{"href":"http:\/\/praca-medycyna.pl\/index.php?rest_route=\/wp\/v2\/pages\/3754","targetHints":{"allow":["GET"]}}],"collection":[{"href":"http:\/\/praca-medycyna.pl\/index.php?rest_route=\/wp\/v2\/pages"}],"about":[{"href":"http:\/\/praca-medycyna.pl\/index.php?rest_route=\/wp\/v2\/types\/page"}],"author":[{"embeddable":true,"href":"http:\/\/praca-medycyna.pl\/index.php?rest_route=\/wp\/v2\/users\/2"}],"replies":[{"embeddable":true,"href":"http:\/\/praca-medycyna.pl\/index.php?rest_route=%2Fwp%2Fv2%2Fcomments&post=3754"}],"version-history":[{"count":2,"href":"http:\/\/praca-medycyna.pl\/index.php?rest_route=\/wp\/v2\/pages\/3754\/revisions"}],"predecessor-version":[{"id":3756,"href":"http:\/\/praca-medycyna.pl\/index.php?rest_route=\/wp\/v2\/pages\/3754\/revisions\/3756"}],"up":[{"embeddable":true,"href":"http:\/\/praca-medycyna.pl\/index.php?rest_route=\/wp\/v2\/pages\/57"}],"wp:attachment":[{"href":"http:\/\/praca-medycyna.pl\/index.php?rest_route=%2Fwp%2Fv2%2Fmedia&parent=3754"}],"curies":[{"name":"wp","href":"https:\/\/api.w.org\/{rel}","templated":true}]}}