{"id":5081,"date":"2012-12-06T23:04:30","date_gmt":"2012-12-06T23:04:30","guid":{"rendered":"http:\/\/www.pracamedycyna.pl\/?page_id=5081"},"modified":"2012-12-06T23:04:30","modified_gmt":"2012-12-06T23:04:30","slug":"zarobki-polskich-lekarzy-za-granica","status":"publish","type":"page","link":"http:\/\/praca-medycyna.pl\/?page_id=5081","title":{"rendered":"Zarobki polskich lekarzy za granic\u0105"},"content":{"rendered":"<p>Praca dla neurologa znajdzie si\u0119 w Polsce bez problemu. Podobnie jak praca dla radiologa, praca dla internisty i wielu innych specjalist\u00f3w. Wci\u0105\u017c w naszym kraju brakuje wykwalifikowanych lekarzy i to z bardzo wielu specjalizacji. Wpisuj\u0105c w internetow\u0105 wyszukiwark\u0119 takie has\u0142a jak \u201eoferty pracy lekarz ortopeda\u201d czy po prostu \u201eoferty pracy dla lekarzy\u201d okazuje si\u0119, \u017ce rzeczywi\u015bcie jest w czym wybiera\u0107. Lekarzy brakuje z wielu powod\u00f3w. Jednym z nich jest ni\u017c demograficzny, ale nie mo\u017cemy zapomina\u0107 o bardzo istotnym problemie, z kt\u00f3rym boryka si\u0119 polska S\u0142u\u017cba Zdrowia. Wielu naszych bardzo dobrych i utalentowanych lekarzy wyje\u017cd\u017ca pracowa\u0107 poza granice Polski. Liczni zapewniaj\u0105, \u017ce wr\u00f3c\u0105. Ale w wi\u0119kszo\u015bci przypadk\u00f3w ko\u0144czy si\u0119 tylko na owych zapewnieniach. Zarobki lekarzy w s\u0105siednych, zachodnich krajach s\u0105 naprawd\u0119 bardzo satysfakcjonuj\u0105ce. W Szwajcarii lekarz rezydent zarabia od trzech do sze\u015bciu tysi\u0119cy Euro. We Francji zarobki te wynosz\u0105 od dw\u00f3ch do trzech tysi\u0119cy. Nie mo\u017cemy jednak zapomina\u0107 o jednym, bardzo istotnym fakcie. Polacy lekarze wyje\u017cd\u017caj\u0105 nie tylko z powodu pieni\u0119dzy (ale jakby nie by\u0142o s\u0105 one najcz\u0119\u015bciej podstawowym motywatorem). Wielu chce pracowa\u0107 po prostu na lepszym sprz\u0119cie i mie\u0107 przed sob\u0105 lepsze perspektywy rozwoju. Tak my\u015bli mn\u00f3stwo specjalist\u00f3w. A problemy kadrowe w polskich szpitalach sta\u0142y si\u0119 rzeczywisto\u015bci\u0105. Dla pocieszenia mo\u017cna doda\u0107, \u017ce nie tylko my si\u0119 z tym borykamy. Problemy z brakiem lekarzy to r\u00f3wnie\u017c problem w Czechach. Ale czy rzeczywi\u015bcie jest to jakiekolwiek pocieszenie?<\/p>\n<p>Lekarze, szczeg\u00f3lnie ci kt\u00f3rzy dopiero zaczynaj\u0105 swoj\u0105 karier\u0119, podobnie jak nasi lekarze, maj\u0105 ju\u017c do\u015b\u0107 brania dodatkowych dy\u017cur\u00f3w, tylko po to by nie zarobi\u0107 satysfakcjonuj\u0105cych pieni\u0119dzy. Efektem tego s\u0105 tylko przem\u0119czenie i frustracja. Domagaj\u0105 si\u0119 podwy\u017cek, ale najcz\u0119\u015bciej s\u0142ysz\u0105, \u017ce b\u0119dzie ci\u0119\u017cko. Kondycja polskiej S\u0142u\u017cby Zdrowia nie jest dobra i wie o tym ka\u017cdy, przeci\u0119tny Polak. M\u0142odzi lekarze cz\u0119sto lecz\u0105 ludzi przez kilkadziesi\u0105t godzin bez przerwy. W pewnym momencie maj\u0105 tego wszysktiego po prostu dosy\u0107. Chc\u0105 wyjecha\u0107, bo chc\u0105 czerpa\u0107 satysfakcj\u0119 z pracy. A \u017ceby tak by\u0142o wiedz\u0105, \u017ce musz\u0105 lepiej zarabia\u0107 i wypoczywa\u0107. Bez tego ostatniego ani rusz.\u00a0<\/p>\n<p>Gdzie najch\u0119tniej wyje\u017cd\u017caj\u0105 nasi medycy? Po has\u0142em \u201epraca lekarz za granic\u0105\u201d znajdziemy g\u0142\u00f3wnie oferty pracy do Niemiec oraz Austrii. To tam Polacy i Czesi jad\u0105 najcch\u0119tniej. I bez problemu znajduj\u0105 zatrudnienie. Tamtejszy rynek medyczny jest pod tym wzgl\u0119dem nadal nienasycony. Tak\u017ce lekarze z Rumunii znajd\u0105 prac\u0119 w zachodnich krajach, takich jak m.in. Wielka Brytania, Francja, Niemcy, Austria, Holandia czy Szwecja. Menad\u017cerowie szpitali z tych pa\u0144stw szukaj\u0105 wykwalifikowanych pracownik\u00f3w, aby \u0142ata\u0107 kadrowe dziury. Najbardziej poszukiwani s\u0105 specjali\u015bci anestezjolodzy, ratownicy medyczni, psychiatrzy, chirurdzy oraz pediatrzy. Cel jest szybko osiagany. Nie ma si\u0119 co dziwi\u0107. M\u0142ody lekarz z Rumunii zarabia oko\u0142o 300 Euro. W Niemczech mo\u017ce otrzyma\u0107 nawet dziesi\u0119\u0107 razy wi\u0119cej.<\/p>\n<p>&nbsp;<\/p>\n","protected":false},"excerpt":{"rendered":"<p>Praca dla neurologa znajdzie si\u0119 w Polsce bez problemu. Podobnie jak praca dla radiologa, praca dla internisty i wielu innych specjalist\u00f3w. Wci\u0105\u017c w naszym kraju brakuje wykwalifikowanych lekarzy i to z bardzo wielu specjalizacji. Wpisuj\u0105c w internetow\u0105 wyszukiwark\u0119 takie has\u0142a jak \u201eoferty pracy lekarz ortopeda\u201d czy po prostu \u201eoferty pracy dla lekarzy\u201d okazuje si\u0119, \u017ce&hellip; <br \/> <a class=\"read-more\" href=\"http:\/\/praca-medycyna.pl\/?page_id=5081\">Read more<\/a><\/p>\n","protected":false},"author":2,"featured_media":0,"parent":57,"menu_order":0,"comment_status":"closed","ping_status":"closed","template":"","meta":{"footnotes":""},"class_list":["post-5081","page","type-page","status-publish","hentry"],"_links":{"self":[{"href":"http:\/\/praca-medycyna.pl\/index.php?rest_route=\/wp\/v2\/pages\/5081","targetHints":{"allow":["GET"]}}],"collection":[{"href":"http:\/\/praca-medycyna.pl\/index.php?rest_route=\/wp\/v2\/pages"}],"about":[{"href":"http:\/\/praca-medycyna.pl\/index.php?rest_route=\/wp\/v2\/types\/page"}],"author":[{"embeddable":true,"href":"http:\/\/praca-medycyna.pl\/index.php?rest_route=\/wp\/v2\/users\/2"}],"replies":[{"embeddable":true,"href":"http:\/\/praca-medycyna.pl\/index.php?rest_route=%2Fwp%2Fv2%2Fcomments&post=5081"}],"version-history":[{"count":1,"href":"http:\/\/praca-medycyna.pl\/index.php?rest_route=\/wp\/v2\/pages\/5081\/revisions"}],"predecessor-version":[{"id":5082,"href":"http:\/\/praca-medycyna.pl\/index.php?rest_route=\/wp\/v2\/pages\/5081\/revisions\/5082"}],"up":[{"embeddable":true,"href":"http:\/\/praca-medycyna.pl\/index.php?rest_route=\/wp\/v2\/pages\/57"}],"wp:attachment":[{"href":"http:\/\/praca-medycyna.pl\/index.php?rest_route=%2Fwp%2Fv2%2Fmedia&parent=5081"}],"curies":[{"name":"wp","href":"https:\/\/api.w.org\/{rel}","templated":true}]}}