{"id":59,"date":"2011-10-13T15:08:08","date_gmt":"2011-10-13T15:08:08","guid":{"rendered":"http:\/\/www.pracamedycyna.pl\/?page_id=59"},"modified":"2016-02-28T13:10:48","modified_gmt":"2016-02-28T13:10:48","slug":"kontakt","status":"publish","type":"page","link":"http:\/\/praca-medycyna.pl\/?page_id=59","title":{"rendered":"KONTAKT"},"content":{"rendered":"<h2>Serwis Og\u0142oszeniowy PracaMedycyna.pl<\/h2>\n<p>e-mail: <a href=\"mailto:pracamedycyna@gmail.com\">sprzedaz [@] pracamedycyna [.] pl<\/a><br \/>\ntel.\u00a0668 328 800<\/p>\n<p>Og\u0142oszenia z ofertami pracy dla lekarzy, piel\u0119gniarek oraz innego personelu z bran\u017cy medycznej i s\u0142u\u017cby zdrowia. Serwis bran\u017cowy z og\u0142oszeniami o prac\u0119 dedykowany bran\u017cy medycznej.<\/p>\n<p>Mo\u017cliwo\u015b\u0107 odp\u0142atnego umieszczenia baner\u00f3w i reklam\u00a0 &#8211; prosimy o kontakt e-mail lub telefoniczny.<\/p>\n<p>Projekt i wykonanie strony: <a href=\"http:\/\/www.globalmedia.com.pl\">www.globalmedia.com.pl<\/a><\/p>\n","protected":false},"excerpt":{"rendered":"<p>Serwis Og\u0142oszeniowy PracaMedycyna.pl e-mail: sprzedaz [@] pracamedycyna [.] pl tel.\u00a0668 328 800 Og\u0142oszenia z ofertami pracy dla lekarzy, piel\u0119gniarek oraz innego personelu z bran\u017cy medycznej i s\u0142u\u017cby zdrowia. Serwis bran\u017cowy z og\u0142oszeniami o prac\u0119 dedykowany bran\u017cy medycznej. Mo\u017cliwo\u015b\u0107 odp\u0142atnego umieszczenia baner\u00f3w i reklam\u00a0 &#8211; prosimy o kontakt e-mail lub telefoniczny. Projekt i wykonanie strony: www.globalmedia.com.pl<\/p>\n","protected":false},"author":1,"featured_media":0,"parent":0,"menu_order":0,"comment_status":"closed","ping_status":"closed","template":"","meta":{"footnotes":""},"class_list":["post-59","page","type-page","status-publish","hentry"],"_links":{"self":[{"href":"http:\/\/praca-medycyna.pl\/index.php?rest_route=\/wp\/v2\/pages\/59","targetHints":{"allow":["GET"]}}],"collection":[{"href":"http:\/\/praca-medycyna.pl\/index.php?rest_route=\/wp\/v2\/pages"}],"about":[{"href":"http:\/\/praca-medycyna.pl\/index.php?rest_route=\/wp\/v2\/types\/page"}],"author":[{"embeddable":true,"href":"http:\/\/praca-medycyna.pl\/index.php?rest_route=\/wp\/v2\/users\/1"}],"replies":[{"embeddable":true,"href":"http:\/\/praca-medycyna.pl\/index.php?rest_route=%2Fwp%2Fv2%2Fcomments&post=59"}],"version-history":[{"count":22,"href":"http:\/\/praca-medycyna.pl\/index.php?rest_route=\/wp\/v2\/pages\/59\/revisions"}],"predecessor-version":[{"id":9003,"href":"http:\/\/praca-medycyna.pl\/index.php?rest_route=\/wp\/v2\/pages\/59\/revisions\/9003"}],"wp:attachment":[{"href":"http:\/\/praca-medycyna.pl\/index.php?rest_route=%2Fwp%2Fv2%2Fmedia&parent=59"}],"curies":[{"name":"wp","href":"https:\/\/api.w.org\/{rel}","templated":true}]}}