{"id":6050,"date":"2013-02-05T17:16:22","date_gmt":"2013-02-05T17:16:22","guid":{"rendered":"http:\/\/www.pracamedycyna.pl\/?page_id=6050"},"modified":"2013-02-05T17:16:22","modified_gmt":"2013-02-05T17:16:22","slug":"specjalizacje-lekarskie","status":"publish","type":"page","link":"http:\/\/praca-medycyna.pl\/?page_id=6050","title":{"rendered":"Specjalizacje lekarskie"},"content":{"rendered":"<p><strong><span style=\"font-size: 16px;\">Specjalizacje lekarskie<\/span><\/strong><\/p>\n<p>Lekarze staraj\u0105cy si\u0119 o uzyskanie specjalizacji lekarskiej doskonale zdaj\u0105 sobie spraw\u0119 z tego, \u017ce nie jest ona prosta do zdobycia. Droga do zdobycia upragnionego celu jest bardzo d\u0142uga i \u017cmudna. W momencie zdobywania specjalizacji i starania si\u0119 o mo\u017cliwo\u015b\u0107 korzystania z propozycji jakimi s\u0105 oferty pracy dla lekarzy anestezjolog\u00f3w, oferty pracy dla kardiolog\u00f3w, oferty pracy dla stomatolog\u00f3w itd. (w zale\u017cno\u015bci od specjalizacji) istnieje mo\u017cliwo\u015b\u0107 korzystania z r\u00f3\u017cnych form zatrudnienia. Jedn\u0105 z najbardziej popularnych jest rezydentura. Tej rodzaj zatrudnienia wi\u0105\u017ce si\u0119 z umow\u0105 o prac\u0119 dla czas okre\u015blony. Obejmuje realizacj\u0119 programu specjalizacji w pe\u0142nym wymiarze godzinowym. Lekarz zawiera umow\u0119 z jednostk\u0105 specjalizacyjn\u0105, w kt\u00f3rej stara si\u0119 o uzyskanie specjalizacji. Zatrudnienie mo\u017ce przybiera\u0107 tak\u017ce form\u0119 umowy o prac\u0119 na czas nieokre\u015blony oraz okre\u015blony. Taka umowa trwa w\u00f3wczas tak d\u0142ugo, jak trwa okres trwania specjalizacji z dan\u0105 jednostk\u0105. Lekarze ubiegaj\u0105cy si\u0119 o zdobycie specjalizacji mog\u0105 by\u0107 zatrudniani tak\u017ce na zasadzie p\u0142atnego urlopu szkoleniowego, kt\u00f3ry udzielany jest pracownikowi na czas trwania konkretnej specjalizacji. Inn\u0105 opcj\u0105 jest mo\u017cliwo\u015b\u0107 poszerzenia zaj\u0119\u0107 programowych dziennych studi\u00f3w doktoranckich o program specjalizacji b\u0119d\u0105cy zgodny z kierunkiem danych studi\u00f3w. Zazwyczaj udzielany jest wtedy tak zwany urlop szkoleniowy b\u0105d\u017a bezp\u0142atny urlop. Cz\u0119sto dochodzi do sytuacji, kiedy lekarze b\u0119d\u0105cy uczestnikami szkolenia specjalizacyjnego ,zawieraj\u0105 umow\u0119 cywilnoprawn\u0105 z danym podmiotem, kt\u00f3ry nie pobiera od lekarza op\u0142at za dane szkolenie. Mo\u017cemy m\u00f3wi\u0107 o jeszcze jednej formie zatrudnienia, mianowicie umowie o prac\u0119 na czas nieokre\u015blony, kt\u00f3ra zawierana jest z jednostk\u0105 organizacyjn\u0105 inn\u0105 ni\u017c uprawnion\u0105 do prowadzenia kszta\u0142cenia podyplomowego lekarzy.<\/p>\n<p>Zasadnicza kwestia dotycz\u0105ca lekarzy specjalizuj\u0105cych si\u0119 w danej dziedzinie to oczywi\u015bcie zarobki. Nie s\u0105 one r\u00f3wne. Ich wysoko\u015b\u0107 zale\u017cy na przyk\u0142ad od etapu trwania procesu specjalizacyjnego czy od rodzaju specjalizacji. Minister Zdrowia ustala wynagrodzenie zasadnicze, jakie uzyskuje si\u0119 w ramach rezydentury. Do tej pensji doliczanes\u0105 jeszcze dodatkowe sk\u0142adniki wynagrodzenia wynikaj\u0105ce z zak\u0142adowego uk\u0142adu zbiorowego pracy lub z regulaminu wynagradzania jednostki organizacyjnej, w kt\u00f3rej dany lekarz jest zatrudniany.<\/p>\n<p>Bardzo istotn\u0105 kwesti\u0105 jest to, \u017ce ka\u017cdy lekarz, kt\u00f3ry uczestniczy w szkoleniu specalizacyjnym ma obowi\u0105zek uko\u0144czy\u0107 dane kursy szkoleniowe oraz prowadzi\u0107 samokszta\u0142cenie. Powinien doskonali\u0107 si\u0119 w tworzeniu opracowa\u0144 teoretycznych, pisa\u0107 prace pogl\u0105dowe, publikowa\u0107 prace, uczestniczy\u0107 w szkoleniach, wykonywa\u0107 dodatkowe zabiegi, odbywa\u0107 kierunkowe sta\u017ce, pe\u0142ni\u0107 medyczne dy\u017cury, z\u0142o\u017cy\u0107 przepisane kolokwia, zda\u0107 sprawdzian z kursu szkoleniowego itd. Do praktycznych umiej\u0119tno\u015bci dochodzi jeszcze znajomo\u015b\u0107 j\u0119zyka obcego ( angielskiego, francuskiego, niemieckiego lub hiszpa\u0144skiego. Poziom znajomo\u015bci j\u0119zyka obcego powinien pozwala\u0107 na zrozumienie tekstu pisanego literatury fachowej oraz porozumienie si\u0119 z pacjentem (jak r\u00f3wnie\u017c wypisanie dla niego opinii czy orzeczenia lekarskiego).<\/p>\n<p>&nbsp;<\/p>\n","protected":false},"excerpt":{"rendered":"<p>Specjalizacje lekarskie Lekarze staraj\u0105cy si\u0119 o uzyskanie specjalizacji lekarskiej doskonale zdaj\u0105 sobie spraw\u0119 z tego, \u017ce nie jest ona prosta do zdobycia. Droga do zdobycia upragnionego celu jest bardzo d\u0142uga i \u017cmudna. W momencie zdobywania specjalizacji i starania si\u0119 o mo\u017cliwo\u015b\u0107 korzystania z propozycji jakimi s\u0105 oferty pracy dla lekarzy anestezjolog\u00f3w, oferty pracy dla kardiolog\u00f3w,&hellip; <br \/> <a class=\"read-more\" href=\"http:\/\/praca-medycyna.pl\/?page_id=6050\">Read more<\/a><\/p>\n","protected":false},"author":2,"featured_media":0,"parent":57,"menu_order":0,"comment_status":"closed","ping_status":"closed","template":"","meta":{"footnotes":""},"class_list":["post-6050","page","type-page","status-publish","hentry"],"_links":{"self":[{"href":"http:\/\/praca-medycyna.pl\/index.php?rest_route=\/wp\/v2\/pages\/6050","targetHints":{"allow":["GET"]}}],"collection":[{"href":"http:\/\/praca-medycyna.pl\/index.php?rest_route=\/wp\/v2\/pages"}],"about":[{"href":"http:\/\/praca-medycyna.pl\/index.php?rest_route=\/wp\/v2\/types\/page"}],"author":[{"embeddable":true,"href":"http:\/\/praca-medycyna.pl\/index.php?rest_route=\/wp\/v2\/users\/2"}],"replies":[{"embeddable":true,"href":"http:\/\/praca-medycyna.pl\/index.php?rest_route=%2Fwp%2Fv2%2Fcomments&post=6050"}],"version-history":[{"count":1,"href":"http:\/\/praca-medycyna.pl\/index.php?rest_route=\/wp\/v2\/pages\/6050\/revisions"}],"predecessor-version":[{"id":6051,"href":"http:\/\/praca-medycyna.pl\/index.php?rest_route=\/wp\/v2\/pages\/6050\/revisions\/6051"}],"up":[{"embeddable":true,"href":"http:\/\/praca-medycyna.pl\/index.php?rest_route=\/wp\/v2\/pages\/57"}],"wp:attachment":[{"href":"http:\/\/praca-medycyna.pl\/index.php?rest_route=%2Fwp%2Fv2%2Fmedia&parent=6050"}],"curies":[{"name":"wp","href":"https:\/\/api.w.org\/{rel}","templated":true}]}}