{"id":6353,"date":"2013-03-08T10:51:09","date_gmt":"2013-03-08T10:51:09","guid":{"rendered":"http:\/\/www.pracamedycyna.pl\/?page_id=6353"},"modified":"2013-03-15T15:34:06","modified_gmt":"2013-03-15T15:34:06","slug":"kursy-dla-lekarzy-w-zakresie-znieczulenia-i-intensywnej-terapii","status":"publish","type":"page","link":"http:\/\/praca-medycyna.pl\/?page_id=6353","title":{"rendered":"Kursy dla lekarzy w zakresie  znieczulenia i intensywnej terapii"},"content":{"rendered":"<h2>Op\u0142aty<\/h2>\n<h2><\/h2>\n<table width=\"669\" border=\"1\" cellspacing=\"0\" cellpadding=\"0\" align=\"left\">\n<tbody>\n<tr>\n<td style=\"font-size: 1.4em; text-align: center;\" valign=\"top\" width=\"334\"><strong>Op\u0142ata rejestracyjna dla lekarzy (bez noclegu)<\/strong><\/td>\n<td style=\"font-size: 1.4em; text-align: center;\" valign=\"top\" width=\"334\"><strong>Op\u0142ata rejestracyjna dla piel\u0119gniarek i student\u00f3w \u00a0 \u00a0 \u00a0 (bez noclegu)<\/strong><\/td>\n<\/tr>\n<tr>\n<td valign=\"top\"><span style=\"font-size: 1.4em;\">do 31.07.2013 \u2013 650 pln<\/span><\/td>\n<td valign=\"top\"><span style=\"font-size: 1.4em;\">do 31.07.2013 &#8211; 350 pln<\/span><\/td>\n<\/tr>\n<tr>\n<td valign=\"top\"><span style=\"font-size: 1.4em;\">po 31.07.2013 \u2013 750 pln<\/span><\/td>\n<td valign=\"top\"><span style=\"font-size: 1.4em;\">po 31.07.2013 &#8211; 400 pln<\/span><\/td>\n<\/tr>\n<tr>\n<td valign=\"top\"><span style=\"font-size: 1.4em;\">w dniu sympozjum \u2013 800 pln<\/span><\/td>\n<td valign=\"top\"><span style=\"font-size: 1.4em;\">w dniu sympozjum \u2013 450 pln<\/span><\/td>\n<\/tr>\n<tr>\n<td style=\"text-align: center;\" colspan=\"2\" valign=\"top\"><span style=\"font-size: 1.4em;\">Gala dinner \u2013 150 pln<\/span><\/td>\n<\/tr>\n<\/tbody>\n<\/table>\n<p>Podane ceny nie zawieraj\u0105 podatku VAT.<\/p>\n<p><strong>Sesja plakatowa<\/strong><\/p>\n<p>W ramach Sympozjum \u201eZnieczulenie i intensywna terapia chorych z obra\u017ceniami m\u00f3zgowia\u201d przewidziana jest sesja plakatowa.<\/p>\n<p>Streszczenia prac przyjmowane b\u0119d\u0105 w formie elektronicznej przez stron\u0119 internetow\u0105\u00a0<a href=\"http:\/\/www.anestezjologia2013.pl\/\" target=\"_blank\">www.anestezjologia2013.pl<\/a>\u00a0do 15 \u00a0czerwca 2013.<\/p>\n<p><strong>Op\u0142ata rejestracyjna obejmuje:<\/strong><\/p>\n<p><strong><\/strong>Uczestnictwo w sesjach naukowych, satelitarnych oraz warsztatach;<br \/>\n\u2022\u00a0Materia\u0142y konferencyjne;<br \/>\n\u2022 Posi\u0142ki (lunch + przerwy kawowe).<br \/>\n\u2022 Do 30.06.2013 \u2013 istnieje mo\u017cliwo\u015b\u0107 bez kosztowej rezygnacji<br \/>\n\u2022\u00a0Do 15.09.2013 \u2013 istnieje mo\u017cliwo\u015b\u0107 zwrotu 50% koszt\u00f3w<br \/>\n\u2022\u00a0Po 15.09. 2013 \u2013 brak mo\u017cliwo\u015bci zwrotu op\u0142aty rejestracyjnej<\/p>\n<p><strong>Nadz\u00f3r Naukowy<\/strong><br \/>\nUniwersytet Medyczny im Karola Marcinkowskiego w Poznaniu<br \/>\nKatedra Anestezjologii i Intensywnej Terapii<br \/>\nul. Przybyszewskiego 49<br \/>\n60-355 Pozna\u0144<br \/>\ntel. 61 869 13 57<\/p>\n<p><strong>W sprawach organizacyjnych<\/strong><br \/>\nProfile Pozna\u0144<br \/>\nul. Zgoda 14\/8<br \/>\n60-128 Pozna\u0144<br \/>\ntel. 61 661 43 85\/ 61 661 60 08<br \/>\n<a href=\"https:\/\/poczta.home.pl\/mail\/write?to=biuro@profile.poznan.pl\" target=\"_blank\">biuro@profile.poznan.pl<\/a><\/p>\n<p><strong>Szczeg\u00f3\u0142owe informacje na stronie:\u00a0<a href=\"http:\/\/www.anestezjologia2013.pl\/\" target=\"_blank\">www.anestezjologia2013.pl<\/a><\/strong><\/p>\n<p>&nbsp;<\/p>\n","protected":false},"excerpt":{"rendered":"<p>Op\u0142aty Op\u0142ata rejestracyjna dla lekarzy (bez noclegu) Op\u0142ata rejestracyjna dla piel\u0119gniarek i student\u00f3w \u00a0 \u00a0 \u00a0 (bez noclegu) do 31.07.2013 \u2013 650 pln do 31.07.2013 &#8211; 350 pln po 31.07.2013 \u2013 750 pln po 31.07.2013 &#8211; 400 pln w dniu sympozjum \u2013 800 pln w dniu sympozjum \u2013 450 pln Gala dinner \u2013 150 pln&hellip; <br \/> <a class=\"read-more\" href=\"http:\/\/praca-medycyna.pl\/?page_id=6353\">Read more<\/a><\/p>\n","protected":false},"author":2,"featured_media":0,"parent":0,"menu_order":0,"comment_status":"closed","ping_status":"closed","template":"","meta":{"footnotes":""},"class_list":["post-6353","page","type-page","status-publish","hentry"],"_links":{"self":[{"href":"http:\/\/praca-medycyna.pl\/index.php?rest_route=\/wp\/v2\/pages\/6353","targetHints":{"allow":["GET"]}}],"collection":[{"href":"http:\/\/praca-medycyna.pl\/index.php?rest_route=\/wp\/v2\/pages"}],"about":[{"href":"http:\/\/praca-medycyna.pl\/index.php?rest_route=\/wp\/v2\/types\/page"}],"author":[{"embeddable":true,"href":"http:\/\/praca-medycyna.pl\/index.php?rest_route=\/wp\/v2\/users\/2"}],"replies":[{"embeddable":true,"href":"http:\/\/praca-medycyna.pl\/index.php?rest_route=%2Fwp%2Fv2%2Fcomments&post=6353"}],"version-history":[{"count":30,"href":"http:\/\/praca-medycyna.pl\/index.php?rest_route=\/wp\/v2\/pages\/6353\/revisions"}],"predecessor-version":[{"id":6370,"href":"http:\/\/praca-medycyna.pl\/index.php?rest_route=\/wp\/v2\/pages\/6353\/revisions\/6370"}],"wp:attachment":[{"href":"http:\/\/praca-medycyna.pl\/index.php?rest_route=%2Fwp%2Fv2%2Fmedia&parent=6353"}],"curies":[{"name":"wp","href":"https:\/\/api.w.org\/{rel}","templated":true}]}}